{"id":2,"date":"2024-10-28T07:27:44","date_gmt":"2024-10-28T07:27:44","guid":{"rendered":"http:\/\/rozak.design\/?page_id=2"},"modified":"2026-02-08T09:25:34","modified_gmt":"2026-02-08T09:25:34","slug":"rozak-design","status":"publish","type":"page","link":"https:\/\/rozak.design\/","title":{"rendered":"ROZAK.DESIGN"},"content":{"rendered":"\n<div class=\"wp-block-group is-nowrap is-layout-flex wp-container-core-group-is-layout-6c531013 wp-block-group-is-layout-flex\">\n<div class=\"wp-block-columns is-layout-flex wp-container-core-columns-is-layout-65e523f9 wp-block-columns-is-layout-flex\">\n<div class=\"wp-block-column is-layout-flow wp-block-column-is-layout-flow\" style=\"flex-basis:1080px\"><\/div>\n\n\n\n<div class=\"wp-block-column is-layout-flow wp-block-column-is-layout-flow\" style=\"flex-basis:50%\">\n<div class=\"wp-block-group is-vertical is-content-justification-left is-layout-flex wp-container-core-group-is-layout-a86dc4cb wp-block-group-is-layout-flex\" style=\"min-height:960px;padding-right:var(--wp--preset--spacing--80);padding-left:var(--wp--preset--spacing--80)\">\n<h1 class=\"wp-block-heading has-large-font-size\" style=\"padding-top:var(--wp--preset--spacing--40);padding-right:0;padding-bottom:var(--wp--preset--spacing--40);padding-left:0\">Cze\u015b\u0107!<\/h1>\n\n\n\n<p>Jestem projektantem wzornictwa przemys\u0142owego z ponad 10-letnim do\u015bwiadczeniem. Projektuj\u0119 produkty, kt\u00f3re maj\u0105 sens, dzia\u0142aj\u0105 niezawodnie i rozwi\u0105zuj\u0105 realne problemy. Od prostych przedmiot\u00f3w codziennego u\u017cytku, po z\u0142o\u017cone systemy \u2014 anga\u017cuj\u0119 si\u0119 w projekty niezale\u017cnie od ich skali. Je\u015bli potrzebujesz wsparcia w kszta\u0142towaniu pomys\u0142u, rozwoju koncepcji lub doprowadzeniu produktu do wdro\u017cenia, ch\u0119tnie pomog\u0119 Ci na ka\u017cdym etapie procesu.<\/p>\n\n\n\n<p>Napisz do mnie na <a href=\"mailto:tomek@rozak.design\"><strong>tomek@rozak.design<\/strong><\/a> i porozmawiajmy o tym, jak mog\u0119 pom\u00f3c Ci zrealizowa\u0107 Twoj\u0105 wizj\u0119.<\/p>\n<\/div>\n<\/div>\n<\/div>\n<\/div>\n","protected":false},"excerpt":{"rendered":"<p>Cze\u015b\u0107! Jestem projektantem wzornictwa przemys\u0142owego z ponad 10-letnim do\u015bwiadczeniem. Projektuj\u0119 produkty, kt\u00f3re maj\u0105 sens, dzia\u0142aj\u0105 niezawodnie i rozwi\u0105zuj\u0105 realne problemy. Od prostych przedmiot\u00f3w codziennego u\u017cytku, po z\u0142o\u017cone systemy \u2014 anga\u017cuj\u0119 si\u0119 w projekty niezale\u017cnie od ich skali. Je\u015bli potrzebujesz wsparcia w kszta\u0142towaniu pomys\u0142u, rozwoju koncepcji lub doprowadzeniu produktu do wdro\u017cenia, ch\u0119tnie pomog\u0119 Ci na ka\u017cdym [&hellip;]<\/p>\n","protected":false},"author":1,"featured_media":0,"parent":0,"menu_order":0,"comment_status":"closed","ping_status":"closed","template":"","meta":{"footnotes":""},"class_list":["post-2","page","type-page","status-publish","hentry"],"_links":{"self":[{"href":"https:\/\/rozak.design\/index.php\/wp-json\/wp\/v2\/pages\/2","targetHints":{"allow":["GET"]}}],"collection":[{"href":"https:\/\/rozak.design\/index.php\/wp-json\/wp\/v2\/pages"}],"about":[{"href":"https:\/\/rozak.design\/index.php\/wp-json\/wp\/v2\/types\/page"}],"author":[{"embeddable":true,"href":"https:\/\/rozak.design\/index.php\/wp-json\/wp\/v2\/users\/1"}],"replies":[{"embeddable":true,"href":"https:\/\/rozak.design\/index.php\/wp-json\/wp\/v2\/comments?post=2"}],"version-history":[{"count":98,"href":"https:\/\/rozak.design\/index.php\/wp-json\/wp\/v2\/pages\/2\/revisions"}],"predecessor-version":[{"id":218,"href":"https:\/\/rozak.design\/index.php\/wp-json\/wp\/v2\/pages\/2\/revisions\/218"}],"wp:attachment":[{"href":"https:\/\/rozak.design\/index.php\/wp-json\/wp\/v2\/media?parent=2"}],"curies":[{"name":"wp","href":"https:\/\/api.w.org\/{rel}","templated":true}]}}